 9*w**2 - 12*w - 7. Suppose 2*r - 11 = -4*p + 7, 3*r = -4*p + 25. Let b be y(r). Let q(g) = 6*g**2 + 7*g + 10. Is q(b) a prime number?
True
Let t(u) = -u**2 - 15*u - 51. Let h be t(-6). Let w be (-6)/(((-2)/1)/1) - h. Suppose -5*k + 15 = w, -2*j - 3*k + 2170 = -k. Is j a composite number?
True
Suppose 4*z - 68 = -4*a, 0*z - 2*z - 3*a = -30. Suppose 2*f = 0, -3*y - 2*f + 532 = -56. Let s = y + z. Is s composite?
True
Let b be ((-1078)/(-6))/((-4)/324*-3). Suppose -1253 = 2*q - 5*j - 4512, b = 3*q + 5*j. Let n = q - 681. Is n composite?
False
Is (-5)/10*(30/6 - 81631) composite?
False
Let u(g) = -5*g + 23*g**2 - 4*g**2 + 41 + 25*g**2. Let z(m) = m**2 - 23*m + 68. Let a be z(19). Is u(a) prime?
True
Let u(t) = 3*t**3 - 45*t**2 + 146*t - 31. Is u(21) prime?
True
Let x = -16265 + 41484. Is x composite?
False
Let s = 1558084 - 1045853. Is s prime?
False
Let y(q) = q**3 - 70*q**2 + 93*q - 97. Let k be y(69). Let g be (-12)/(0 + 1/74). Let r = k + g. Is r composite?
True
Suppose 15 = q + 11. Suppose -q*h - 3*j + 23213 = -4*j, 10 = -2*j. Is (h/18)/((-2)/(-6)) composite?
False
Let x(h) = 1397*h + 6. Let d = 552 + -549. Is x(d) a composite number?
True
Is -11 - (-129252 - (-132)/22) composite?
True
Let p(l) = -3*l**3 - 3*l**2 + 2*l - 3. Let j be p(3). Let f be ((j/(-5))/(-3))/1. Let q(z) = z**2 + 6*z + 19. Is q(f) prime?
False
Let s(g) = -9813*g**3 - 6*g**2 + 3*g + 2. Let z be s(1). Let o = 34131 + z. Is o a composite number?
False
Let d be (0 - 2)*(-14 - -13) - -86. Is (2 - 10077/(-15)) + d/(-110) a prime number?
True
Suppose -33106 = -2*l - 2*r - 0*r, 0 = 4*l - 5*r - 66239. Let h = l + -5905. Is h composite?
False
Let r(o) = 5*o + 18899. Is r(0) a composite number?
False
Suppose 0 = 2*p + q - 131985 - 130782, -4*p - 4*q + 525544 = 0. Is p a composite number?
False
Let f(d) = -d**2 + 92*d + 142. Let t be f(36). Let z = 4376 - t. Is z a composite number?
True
Suppose 4*d = -462 + 1294. Suppose -3*y - 1278 = 3*q, 2*y = -4*q + 38 - 900. Let k = d - y. Is k a prime number?
False
Let o = 206 - 206. Let g(h) = -4*h + 217. Is g(o) composite?
True
Let u(l) = 1291*l - 109. Let p(x) = 4. Let b(w) = 5*p(w) + u(w). Is b(10) composite?
False
Is (16963/1)/((-76)/(-1444)) composite?
True
Let o(n) = 2887*n - 1606. Is o(29) prime?
False
Suppose h - 5 = -3*p, 2*p + 2*h = -p + 10. Let q be 2/13 + 222/78. Suppose p = q*c - c - 1090. Is c composite?
True
Let c(q) = 3*q. Let p be c(2). Suppose -21 = -p*i + 9. Suppose 0 = i*r - 10, -2*r - 227 = -3*w + 3*r. Is w a composite number?
False
Let b(g) = 11*g**3 - 2*g**2 + 4*g. Let q(u) = -u**2 + 5*u + 2. Let s be q(5). Suppose -s*v = v - 9. Is b(v) composite?
True
Suppose 3*a - 2*f = 7, 4*a - 57*f = -54*f + 9. Suppose -4 = 4*d + 4*t, 5*d - 3*t = 2*t - 5. Is (d - (-3372)/a) + 2/(-1) a prime number?
False
Let a(v) = 117*v**2 + 183*v - 235. Is a(24) a prime number?
True
Let y(u) = -u**2 - 10*u + 10. Let a be y(-10). Suppose -28*p + 212230 = a*p. Is p prime?
False
Suppose 7 + 5 = 2*j. Let l be (4 + (-9)/j)*2. Suppose l*o + 4288 = 9*o - 3*s, -3*o + 3*s = -3219. Is o a prime number?
True
Suppose 3*m = 2*y, 6*m = 3*y + 2*m - 2. Let z be (4 + -1)/(y/28266) + -2. Suppose z = 10*r - 5379. Is r prime?
True
Suppose 53*j = 26*j + 22*j - 4555. Suppose 0 = l - 111 + 523. Let f = l - j. Is f composite?
False
Suppose 0 = -7*f + 4*f - 11153 + 86534. Is f composite?
False
Suppose -3*c = -c + 3*m - 85, -2*c + 3*m = -67. Suppose -34*l = -c*l + 49492. Is l a composite number?
False
Let n(j) = 2474*j**2 + 536*j - 83. Is n(-25) prime?
True
Suppose -4*q - 6*u = -9873772, -18*q - 9873772 = -22*q - 5*u. Is q a composite number?
False
Is ((-9763)/52)/(7/(-812)) prime?
False
Suppose 12434 = -17*d + 26*d - 12064. Is d prime?
False
Let j(b) = 8*b**2 - 4*b**2 - 5278*b**3 + 2 - 3*b**2 - 4*b**2. Is j(-1) a composite number?
True
Let z = 196 - 176. Is 16570/z*(-5 + 7) prime?
True
Let y = -3089 - -9120. Let o = 12912 + y. Is o composite?
True
Let s(i) = -85*i - 11. Let b be 3/(-3 - (-459)/150). Suppose 4*q - b = -90. Is s(q) composite?
False
Let s(o) = 3756*o - 5. Let i(q) = -5*q - 14. Let j be i(-4). Is s(j) a prime number?
True
Suppose 32721 = 5*w - 372624. Suppose -21*b + w = -999. Let i = b - 2659. Is i prime?
True
Let t = 17 + -13. Let i be 2/t + 15/2. Let l(w) = -w**3 + 11*w**2 + 3*w - 5. Is l(i) a composite number?
False
Let j be (-8)/112*24*-49. Suppose -82*l = -j*l + 15726. Is l a composite number?
True
Suppose -150 = -10*m + 90. Let t(r) = -4*r**3 + r**2 + 2*r + 1. Let g be t(-1). Suppose 18020 = 5*j + v, -4*v - g = -m. Is j prime?
False
Let o(s) = -7*s**3 + 4*s**2 - 7*s + 10. Let z be o(-7). Suppose 2*c - z + 878 = 0. Suppose -6*h - h = -c. Is h a prime number?
True
Suppose -i + 14639 + 8976 = 0. Suppose 18*f - 21331 = i. Is f a prime number?
False
Let n(r) = 30*r - 41. Let h(z) = 10*z**2 - 2*z + 2. Let f be (-6 - -8) + (-2 - -1). Let g be h(f). Is n(g) composite?
True
Let f be ((-1)/(-3))/((-15)/(-225)). Suppose -65952 = -5*t + 4*p - 4317, f*p = -4*t + 49267. Is t a composite number?
False
Suppose 10 = 13*a - 11*a. Suppose a*w - 2070 = 6395. Suppose -w - 772 = -5*y. Is y a composite number?
True
Let v(l) = 2402*l - 602. Let p be v(1). Suppose 17 = -5*m + 4*a, 0 = -2*m - 2*m + a - 7. Is 3/3 + m - (-1 - p) a prime number?
True
Suppose -n - 190 = -3*n. Let p = -573 - -789. Let h = p - n. Is h a prime number?
False
Suppose 0 = 3*f - 13*f + 480. Let h be (f/14)/(2 - (-320)/(-161)). Suppose -347 = -5*l - 3*q, -h = -4*l - 0*q - 2*q. Is l prime?
True
Let z(o) = 17*o**2 - 26*o - 18. Let a be z(4). Is (100/a)/((-4)/(-8394)) prime?
True
Suppose 0 = -5*s - 13 - 2, -5*r = -4*s - 32. Is 3 + (2 - -2)*4198/r a prime number?
True
Let m(g) = -126*g**3 + 5*g**2 + 2*g - 8. Is m(-3) a prime number?
True
Let s(h) = 2*h**2 - 4*h + 2. Let k be s(1). Suppose k*l - 8218 = -7*l. Is l prime?
False
Let r = 25794 + 81769. Is r a composite number?
False
Let p = -94 + 57. Let f = -50 - p. Let a(q) = -q**3 - 12*q**2 - 11*q - 19. Is a(f) prime?
True
Let m = -414 - -405. Let d(q) = -559*q + 8. Is d(m) prime?
True
Suppose 58*d - 55*d = -2*v + 140968, -2*v + 140966 = 2*d. Is v a composite number?
False
Let r be 455/39 + 4/(-6). Suppose -16*m + 7185 = -r*m. Is m a composite number?
True
Suppose 0 = -5*l + 5, -3*z = -5*z + 2*l + 9936. Suppose 0 = 3*b + 3*t - 14922, b + t - z = -t. Is b a composite number?
True
Suppose 2*x - 110 = -5*j + 23589, -4*x - 4731 = -j. Is j prime?
False
Let j(r) = 38*r - 31. Let a be (-1)/(1*-1)*(-384)/(-32). Let b be j(a). Let v = -234 + b. Is v prime?
True
Suppose 3*d + 5*h - 365132 = 31784, 0 = -14*h - 98. Is d a prime number?
False
Let a(q) = -143887*q - 1951. Is a(-2) prime?
True
Suppose -489771 = -8*k - 176747. Let l = k - 17695. Is l a prime number?
True
Is 34403 - (2/(-3) - (8 - 156/18)) composite?
False
Let l be ((-9)/6)/((-192)/256). Let a(b) = b**2 - 2 + 18*b**3 + b + 1 - 4*b**2. Is a(l) a prime number?
False
Let k(m) = 231*m + 124. Is k(13) a composite number?
True
Suppose -2*y + 8 = -5*j, 18 - 2 = 4*y + 4*j. Suppose 10275 = y*k - 12377. Is k a composite number?
True
Let b be 7/(-3) + 2 + (-96)/(-18). Suppose 0*v + 3 = -v - u, -b*u + 5 = 0. Let t(j) = -211*j - 13. Is t(v) a prime number?
False
Let r = 545 + 4494. Is r composite?
False
Let k = -274 + 281. Suppose k*j - 10228 = -995. Is j a composite number?
False
Suppose -a - 239 = -5*t, 2*a = -2*t + 4*a + 94. Suppose 0 = 3*c + 5*h - 135008, t*c - 2*h - 90000 = 46*c. Is c a prime number?
False
Suppose -73 = -5*a - 23. Suppose 5*u + 705 = a*u. Is u composite?
True
Suppose 4444552 = 47*p + 33*p - 24*p. Is p a prime number?
True
Suppose 19716 = 2*j - 2*d - 56200, 4*d = 4. Is j a prime number?
False
Suppose -7*r + 90 = 76. Suppose -5*o = 5*m - 0*m - 12400, 4*o - 9914 = r*m. Is o prime?
False
Suppose 0 = -4*l + 2*h - 48226, -5*l - 7*h = -6*h + 60265. Let n = l - -20365. Is n composite?
False
Let u be (-1836)/(-5) - (-1 + 11/5). Let p = -203 + u. Is p composite?
False
Let z = -68449 + 191562. Is z a composite number?
False
Let x = 1078 - -6591. Is x a prime number?
True
Let n(w) = w**2 - 7. Let m be n(3). Suppose 4*j = -m*r + 3150, -2*j + 1626 = -3*r + 55. Is j a prime number?
True
Suppose w + 993 = 5*v - 2452, 3*w - 5*v = -10375. Let f = w - -5896. Suppose -6*d + 2432 = -5*d - 3*t, -d + f = -2*t. Is d a com